ose 26*o - 15*o - 308 = 0. What are the prime factors of o?
2, 7
Let c(m) = -m**3 - 25*m**2 + 59*m - 40. List the prime factors of c(-30).
2, 5, 269
Suppose -9*a + 10*a - 258 = -y, -3*y = -5*a + 1322. List the prime factors of a.
2, 131
What are the prime factors of (-1386)/264*(-1108)/3?
7, 277
Let b(k) = k**3 - 9*k**2 + 4*k - 18. Let p be b(8). Let q = 10 - p. List the prime factors of q.
2, 3, 5
Let h(g) = g**2 + g + 2. Let c be h(-1). Suppose -n - 5*f - 27 = -2*n, f = c. List the prime factors of n.
37
Let v = -768 + 1548. What are the prime factors of v?
2, 3, 5, 13
Let l(r) = r**3 - 7*r**2 + 4*r + 10. Let t(n) = n**2 + 10*n - 32. Let k be -4 + (-1)/(1/9). Let g be t(k). List the prime factors of l(g).
2, 19
Let r = 12 - 7. Suppose -f - 360 = r*w - 64, 1120 = -4*f - 4*w. List the prime factors of 3/(-5) - f/10.
3
Suppose m = 5*x + 105 - 475, -2*x - 5*m = -121. Let i = -8 + 11. Suppose -5*p = -u + 3*u - x, -i*u + 103 = p. List the prime factors of u.
2, 17
Let c(h) = 9*h**2 + 7*h + 13. Suppose -6*l = 8 + 10. List the prime factors of c(l).
73
Let m = -1129 + 3085. List the prime factors of m.
2, 3, 163
Suppose -4*y = -7*y + 5*t - 17, -3*y - t + 7 = 0. Let v(g) = 264*g**2 - 7*g + 6. What are the prime factors of v(y)?
263
List the prime factors of 3 + -4 + (73 - 5).
67
Let a(i) = i - 1. Let x(r) = 7*r - 24. Let o(z) = 5*a(z) - x(z). Let w be o(-8). Suppose -w - 3 = -h. List the prime factors of h.
2, 19
Suppose 8*l = l - 28. List the prime factors of (5 + -1)*(-151)/l.
151
Suppose f + 32 = 4*h - f, 3*f + 16 = 2*h. Let b(t) = 7*t - 21. What are the prime factors of b(h)?
5, 7
Let j = 37 - -473. Suppose 2*s + 4*s = j. Suppose -s = -4*d - d. What are the prime factors of d?
17
Suppose 3*h + k - 11 = 0, 8*h - 3*h + 4*k = 30. Suppose 5*z - h = 88. What are the prime factors of z?
2, 3
Let f(x) = -x**3 - 9*x**2 - 12*x - 9. Let i be (-140)/18 - 4/18. What are the prime factors of f(i)?
23
Suppose 5*h = -3*a - 8, -4*a - 5*h - 3 - 11 = 0. Let p be (-4)/8 - 123/a. Suppose q - 32 = -4*r, -2*q - 5*r + 29 + p = 0. List the prime factors of q.
2, 3
Suppose 14*v - 7*v = 22890. List the prime factors of v.
2, 3, 5, 109
Let m = -233 - -302. List the prime factors of m.
3, 23
Let y(q) = -9*q - 14*q + 8 - 4*q. List the prime factors of y(-5).
11, 13
Suppose -2*k = 3*m - 295, -5*m = 5*k - 481 - 14. Let x = m - 57. Suppose -13*g + x = -9*g. List the prime factors of g.
2, 5
What are the prime factors of -29*12*2*(-105)/140?
2, 3, 29
Let l = 16 + -19. Let h be (-8)/l*(-18)/(-12). Suppose 0 = h*t - t - 4*z - 100, t = -5*z + 65. What are the prime factors of t?
2, 5
Suppose -5*y - 2*b - 226 = -6*b, 93 = -2*y - b. What are the prime factors of 160/9 + y/(-207)?
2, 3
Let t = -261 - -102. Let q = t - -279. List the prime factors of q.
2, 3, 5
Suppose -30 = -2*r + 5*r. What are the prime factors of (0 - 6/r)/(9/1935)?
3, 43
Suppose -45 - 44 = -3*g + 5*n, 0 = -4*g - 3*n + 138. Let f = 29 - g. What are the prime factors of ((-2)/f)/((-1)/(-6))?
3
Suppose -4*m = -2*c - 4916, 14*m + 6148 = 19*m - c. List the prime factors of m.
2, 3, 5, 41
Let g(x) = -23 + 0 + 4 + 8 - x**2 + 5*x. Let w be g(8). Let m = -15 - w. What are the prime factors of m?
2, 5
What are the prime factors of 3/(81/6) + (-8035)/(-9)?
19, 47
Let p be ((-697)/4)/(7/(-28)). Suppose 0 = -5*c - 3*r + p - 207, -4*c + r = -409. What are the prime factors of c?
101
Suppose -5*s + 106 + 94 = 0. Suppose 7*m = 3*m + s. What are the prime factors of m?
2, 5
Suppose -7*t + 2989 = -5978. What are the prime factors of t?
3, 7, 61
Suppose -6*z = -1024 - 326. What are the prime factors of z?
3, 5
Suppose 0 = -b + 3*m + 27, -4*m = -b + m + 37. Let g = 168 + b. What are the prime factors of g?
2, 3, 5
Let g be (116*-1)/4 + 4. Let d be (g/2 - -4)*-14. Let b = -72 + d. What are the prime factors of b?
47
Suppose -18*y + 9 = -21*y. What are the prime factors of -1 + y/6*-50?
2, 3
Suppose -i - 13 + 45 = 0. Suppose -5*s + i = -s. Suppose -n - s = -33. What are the prime factors of n?
5
List the prime factors of (10 + 15/3)/3 + 256.
3, 29
Suppose -2*z = 2*n - 482, -3*z + 5*n = -162 - 569. Let c be (-20)/(-6) - 2/6. List the prime factors of z/6 - (-2)/c.
41
What are the prime factors of (54 - 6/3)/(28/238)?
2, 13, 17
Let s(d) = -231*d - 207. List the prime factors of s(-9).
2, 3, 13
Let y(i) = 1398*i**2 - 6*i + 8. List the prime factors of y(1).
2, 5, 7
Let g be (-4)/6*(-66)/(-4). Let u = g + 21. List the prime factors of 51 - 6*u/(-15).
5, 11
Let m = -27 - -30. Suppose 2*q - g - m = 69, 4*q - 154 = -3*g. What are the prime factors of q?
37
Let d = -2 - -11. Let s(v) = 9*v + 16. What are the prime factors of s(d)?
97
Let f(t) = 557*t + 22. List the prime factors of f(3).
1693
Let k(c) = -c**2 - 3*c + 2. Let r be k(-3). Let s be ((-224)/(-20))/((-18)/(-135)). List the prime factors of ((-3)/r)/((-9)/s).
2, 7
Suppose 5*z + 2196 = 3*t, -z = 3*z - 12. List the prime factors of t.
11, 67
Let i be 3/(-12) + (-7724)/16. List the prime factors of (8/(-6))/(7/i).
2, 23
Let z = -254 + 597. Suppose -3*u + z = x, -5*u - x + 113 = -4*u. What are the prime factors of u?
5, 23
Let c be -1*(4/(-1) - 27). Suppose -4*n + c = -69. What are the prime factors of n?
5
Suppose 8*b - 15*b - 2709 = 0. Let c = 692 + b. List the prime factors of c.
5, 61
Let g = 458 - -1188. What are the prime factors of g?
2, 823
Let y(t) = -3*t + 7. Let n be y(3). Let b(r) = -16*r. List the prime factors of b(n).
2
Suppose 2*z - 6186 = -4*y, -y - z + 434 = -1115. List the prime factors of y.
2, 193
Let a(v) = v + 39. Suppose 22*c - 11 = 21*c. What are the prime factors of a(c)?
2, 5
Suppose 3*v - 420 = -3*d - 0*v, 0 = -3*v + 9. Suppose 4*s - d = 643. Suppose -s = 7*j - 12*j. What are the prime factors of j?
3, 13
Suppose 161*s + 23940 = 191*s. List the prime factors of s.
2, 3, 7, 19
Let h = -11 + 8. Let d = h + 18. What are the prime factors of d?
3, 5
Suppose -c + a + 18 = 6, 4*c + 4*a - 8 = 0. List the prime factors of c - -251 - (-4 + -1).
263
Suppose 9*c = 6*c - 141. Let i = 82 + c. What are the prime factors of i?
5, 7
Suppose -26 + 15 = m. Let q(f) = -21*f + 5. What are the prime factors of q(m)?
2, 59
Let d be 1/((-3)/(-18) + 0). Let w(o) = -14*o**2 - 2*o + 10. Let i(y) = 5*y**2 + y - 3. Let b(s) = d*w(s) + 17*i(s). List the prime factors of b(-7).
23
Let p(r) = -18*r + 4*r + 10*r - 12*r**2 - 4*r**3 + 3*r**3 + 3. List the prime factors of p(-12).
3, 17
Suppose 7 = -2*v + 1, -c - 5*v + 803 = 0. What are the prime factors of c?
2, 409
Let m(u) = -89*u - 2. List the prime factors of m(-3).
5, 53
What are the prime factors of 22/(-7)*(-210 - 119/(-17))?
2, 11, 29
Suppose -5*p = -6*p + 290. What are the prime factors of p?
2, 5, 29
Let p(x) = -x**3 - 25*x**2 + 43*x + 276. What are the prime factors of p(-29)?
2393
Let p(k) = -5*k + 4*k + 14 - 2*k + 0*k. What are the prime factors of p(-19)?
71
Let k(g) = -g**3 + g**2 - 1. Let n(d) = -2*d**3 + 6*d**2 + d - 7. Let p(f) = 3*k(f) - n(f). Suppose -2*l = 3*l + 20. What are the prime factors of p(l)?
2, 3
Suppose 2*a - 15 = -a. Suppose -6 = a*f - 8*f. Suppose -3 = f*q - 95. List the prime factors of q.
2, 23
Suppose -5715 = -4*m - 5*n, 2*m - 2865 = 26*n - 27*n. What are the prime factors of m?
5, 7, 41
Let k(i) = 19*i - 2. Let r be k(2). Suppose r = 5*p - 4*b, -2*p - 4*b - 4 = -b. Suppose 83 = p*w - 5*g, -2*w + 5*g + 66 = w. What are the prime factors of w?
17
Let n(v) = 2*v + 14. Let t be n(-7). Suppose 3*h + t*h - 30 = -4*i, -3*h + 6 = 0. What are the prime factors of i?
2, 3
Suppose -4*p = -6*d + 2*d - 8676, 5*d + 8673 = 4*p. What are the prime factors of p?
2, 3, 181
Let d be ((-4)/(-10))/(19/380). Let w(b) = -b**2 + 7*b + 10. Let r be w(d). Let t(c) = 9*c**2 + 3*c - 5. What are the prime factors of t(r)?
37
Suppose 26*p + 22817 = 143171. List the prime factors of p.
3, 1543
Suppose -13*v + 6*v + 4963 = 0. What are the prime factors of v?
709
Let n(q) = q - 5*q + 3*q + 17. Let j be n(12). Suppose -3*u + j*c + 29 + 87 = 0, -3*c - 3 = 0. List the prime factors of u.
37
Suppose b = -3*h + 14, -5*h = -2*b - 0*b - 5. Suppose c + h = 2*c. Suppose -d + 4*d = -4*x + 4, 5*x = -c*d + 2. What are the prime factors of d?
2
Suppose 5*v + 2 - 9 = -c, 0 = 3*c + 4*v - 32. Suppose 2 = -o, 0 = t - 2*t - o - 3. Let b = t + c. List t